+ 403. Determine t(10).
-17
Let r(z) = -24*z - 115. Give r(-5).
5
Let j(h) = 4*h**2 + 114*h - 355. Give j(3).
23
Let n(o) = -6*o - 162. Calculate n(-32).
30
Let r(p) = -p**3 - 106*p**2 - 1362*p + 286. What is r(-91)?
13
Let i(u) = -616*u + 117048. Calculate i(190).
8
Let t(m) = 1272*m + 5110. Give t(-4).
22
Let s(d) = 788*d + 9448. Give s(-12).
-8
Let n(a) = -a**3 + 81*a**2 - 33*a + 2662. Give n(81).
-11
Let w(m) = 1265*m - 1273. Calculate w(1).
-8
Let i(d) = -d**3 + 15*d**2 - 34*d + 572. Determine i(15).
62
Let k(i) = 2*i**2 - 11*i - 443. Give k(-13).
38
Let z(j) = -34*j - 201. Calculate z(-10).
139
Let k(f) = 7*f**2 + 70*f + 28. Determine k(-10).
28
Let h(z) = -47*z**3 + 27*z**2 - 23*z - 3. Give h(1).
-46
Let s(z) = 202*z**2 + 2006*z - 30. Determine s(-10).
110
Let z(f) = -f**3 + 18*f**2 - 49*f + 284. What is z(16)?
12
Let s(z) = -6*z**2 + 4*z + 1. Calculate s(3).
-41
Let h(j) = -2*j**3 - 5*j**2 + 12*j + 76. Give h(-5).
141
Let k(m) = m**2 - 218*m - 3790. Determine k(234).
-46
Let k(x) = 1327*x + 7963. Calculate k(-6).
1
Let f(h) = h**2 + 24*h + 109. Calculate f(-17).
-10
Let c(o) = o**2 - 20*o - 601. Calculate c(-17).
28
Let n(k) = 14*k**2 - k. What is n(-2)?
58
Let h(d) = -8482*d - 67850. Determine h(-8).
6
Let f(o) = -60*o**3 + 2*o**2 + 11*o + 16. Determine f(-2).
482
Let u(g) = g**3 + 6*g**2 - 13*g + 10. Determine u(-4).
94
Let z(h) = -6*h**2 + 395*h + 93. Determine z(66).
27
Let n(g) = 27*g - 1340. Give n(50).
10
Let f(i) = i**2 + 32*i + 330. What is f(-16)?
74
Let r(x) = 292*x - 3507. Calculate r(13).
289
Let c(w) = -2*w**2 + 39*w - 56. Give c(18).
-2
Let m(g) = 10*g**2 + 68*g - 441. Determine m(6).
327
Let j(u) = -u**2 - 64*u - 960. What is j(-22)?
-36
Let j(x) = 1333*x - 3992. Calculate j(3).
7
Let o(w) = 22*w - 776. Determine o(31).
-94
Let r(v) = 10*v - 340. Calculate r(35).
10
Let a(f) = 2*f**2 - 58*f - 129. Determine a(31).
-5
Let d(y) = 418*y + 1217. Calculate d(-3).
-37
Let t(n) = -3*n**3 + 236*n**2 + 319*n + 80. What is t(80)?
0
Let d(v) = 5*v - 143. Determine d(36).
37
Let z(u) = -2604*u + 80717. What is z(31)?
-7
Let k(y) = 65*y - 1058. Determine k(17).
47
Let u(l) = 2*l**3 + 11*l**2 + 2*l + 145. Give u(-7).
-16
Let n(t) = 16*t + 166. Give n(-10).
6
Let h(z) = -4*z**2 - 2*z + 44. What is h(6)?
-112
Let g(j) = 2756*j + 30317. Give g(-11).
1
Let i(t) = -509*t - 528. Calculate i(-1).
-19
Let u(m) = -174*m + 2110. Determine u(12).
22
Let u(b) = -b**2 + 26*b - 84. What is u(21)?
21
Let z(l) = -2*l**3 + 54*l**2 - 60*l + 257. Give z(26).
49
Let x(f) = 4*f**3 - 2*f**2 - 4*f + 11. Determine x(-4).
-261
Let s(u) = u**3 - 8*u**2 - 60*u + 448. Determine s(9).
-11
Let j(r) = -2*r**2 + r - 24. Give j(8).
-144
Let w(n) = 124*n + 29383. Calculate w(-237).
-5
Let u(k) = -k**2 + 46*k + 693. Determine u(60).
-147
Let d(h) = h + 6. What is d(-19)?
-13
Let i(b) = -b**3 + 7*b**2 - b - 5. What is i(6)?
25
Let r(y) = 10784*y - 97051. Calculate r(9).
5
Let r(q) = 24*q + 119. Give r(-5).
-1
Let z(a) = a**2 - 15*a - 10. What is z(14)?
-24
Let y(b) = b**3 + 36*b**2 + 326*b - 23. Give y(-18).
-59
Let n(o) = 12447*o - 87121. Determine n(7).
8
Let x(m) = -13072*m + 130713. Give x(10).
-7
Let t(u) = -2336*u - 60729. Calculate t(-26).
7
Let q(n) = 3*n**2 - 6*n - 72. Give q(-6).
72
Let a(s) = -21*s**2 + 178*s - 91. Give a(8).
-11
Let k(g) = -g**2 - 82*g + 2747. Calculate k(26).
-61
Let c(h) = -11*h**2 - 9*h + 24. Calculate c(1).
4
Let x(y) = -13*y + 231. What is x(6)?
153
Let t(d) = -4563*d + 27380. What is t(6)?
2
Let x(u) = -320*u + 1819. Give x(6).
-101
Let u(k) = -75*k + 4116. Determine u(55).
-9
Let k(s) = -75*s + 4384. Give k(59).
-41
Let t(f) = 2*f**2 + 433*f - 654. Calculate t(-218).
0
Let b(v) = -v**2 + 28*v - 157. What is b(26)?
-105
Let v(r) = r**3 - 46*r**2 - 435*r - 46. Calculate v(-8).
-22
Let r(d) = 2*d**2 + 65*d - 14. What is r(3)?
199
Let l(y) = -6*y**2 + 372*y + 1558. Calculate l(-4).
-26
Let m(x) = x**3 + 28*x**2 - 74*x - 33. Calculate m(-31).
-622
Let z(d) = 2*d**3 - 76*d**2 + 74*d - 10. Calculate z(37).
-10
Let x(v) = -71*v**3 + 5*v**2 + v + 1. Determine x(-1).
76
Let j(m) = 77*m + 205. Give j(3).
436
Let x(w) = -213*w**3 + 9*w**2 - 9*w - 1. What is x(1)?
-214
Let o(k) = 78*k + 1555. Give o(-20).
-5
Let u(d) = 11*d**3 - d**2 + 4*d - 2. Give u(1).
12
Let p(w) = 37*w**2 - 6*w - 3. Calculate p(-1).
40
Let g(d) = -22*d + 31. Give g(7).
-123
Let c(v) = -v**3 - 22*v**2 - 89*v - 28. Calculate c(-5).
-8
Let a(n) = 16*n**2 - 57*n - 30. What is a(4)?
-2
Let v(s) = 30*s + 1040. Calculate v(-34).
20
Let b(i) = 2*i**2 + 246*i + 2324. Give b(-10).
64
Let a(m) = -2*m**2 + 82*m + 360. Determine a(45).
0
Let k(j) = 143*j**2 + 28*j + 65. Determine k(-2).
581
Let l(x) = -35*x + 2282. Give l(65).
7
Let x(j) = j**2 - 57*j + 208. Give x(4).
-4
Let f(c) = -c**2 + 59*c - 916. What is f(18)?
-178
Let r(d) = -2*d**2 - 109*d - 66. Give r(-54).
-12
Let s(f) = f**3 - 25*f**2 + 54*f - 193. Determine s(23).
-9
Let h(i) = 4*i**2 + 192*i + 1526. Give h(-10).
6
Let m(v) = -v**3 - 23*v**2 + 9*v + 185. Determine m(-23).
-22
Let w(n) = n**2 + 537*n + 7894. Determine w(-15).
64
Let b(k) = k**3 + 2*k**2 - 7*k + 11. What is b(4)?
79
Let g(t) = -100*t - 1088. Determine g(-11).
12
Let n(z) = 2111*z - 6447. Calculate n(3).
-114
Let r(q) = -31*q + 351. Give r(12).
-21
Let d(r) = -14*r + 84. What is d(5)?
14
Let y(d) = 26*d + 53. Give y(6).
209
Let u(g) = -173*g - 1025. Determine u(-6).
13
Let m(h) = -h**3 - 23*h**2 + 100*h + 36. Give m(4).
4
Let u(v) = -2*v**2 - 15*v - 96. Calculate u(-5).
-71
Let d(c) = -13*c**2 + 687*c + 2944. Calculate d(-4).
-12
Let w(s) = -9*s**3 + 10*s - 10. Give w(1).
-9
Let z(d) = -59*d - 12. Determine z(0).
-12
Let r(n) = -2*n**2 - 307*n + 496. Determine r(-155).
31
Let w(x) = 299*x + 5271. Give w(-18).
-111
Let c(l) = -l**3 - 67*l**2 + 212*l + 142. Determine c(-70).
2
Let s(t) = -493*t - 78876. What is s(-160)?
4
Let j(a) = -12*a**2 - 426*a + 230. Give j(-36).
14
Let n(u) = -u**3 - 28*u**2 - 180*u - 23. Determine n(-18).
-23
Let n(g) = -g**2 - 13*g + 89. Give n(-17).
21
Let l(w) = w**3 + w**2 + 8*w - 23. What is l(3)?
37
Let o(m) = m**3 + 16*m**2 - 36*m - 86. Give o(-18).
-86
Let v(m) = 2*m**3 + 126*m**2 + 242*m - 120. Calculate v(-61).
2
Let a(u) = u**3 + 5*u**2 - 20*u - 164. Determine a(-8).
-196
Let a(x) = -x**2 + x + 182. Give a(29).
-630
Let z(q) = 2*q**2 - 538*q + 2126. What is z(4)?
6
Let i(j) = -70*j - 372. Determine i(-9).
258
Let k(a) = 24*a + 12. Calculate k(-2).
-36
Let y(v) = v**2 - 35*v - 264. Give y(-6).
-18
Let z(q) = 3*q**3 - 160*q**2 + 57*q - 214. What is z(53)?
-2
Let i(b) = -b**2 - 445*b + 4511. Give i(10).
-39
Let v(f) = -2*f**2 + 771*f + 39221. Determine v(431).
0
Let h(i) = 219*i - 885. What is h(4)?
-9
Let y(r) = -7*r**2 - 179*r - 52. Calculate y(-21).
620
Let f(m) = -35*m + 416. What is f(11)?
31
Let y(n) = -n**2 + 76*n + 394. Determine y(-5).
-11
Let i(a) = -12*a - 83. Give i(-8).
13
Let a(b) = -15*b - 249. What is a(-28)?
171
Let q(g) = 112*g + 6311. Calculate q(-60).
-409
Let g(c) = 3*c**2 + 21*c + 63. What is g(-4)?
27
Let h(q) = 9*q**3 + q**2 + 2*q - 2. What is h(1)?
10
Let r(w) = -6*w**2 + 58*w + 280. Give r(-5).
-160
Let w(x) = 157*x**2 + 398*x - 3. Calculate w(-3).
216
Let p(i) = -12*i**2 + 2*i + 8. Calculate p(-3).
-106
Let w(m) = m**3 - 11*m**2 - 12*m + 132. Calculate w(11).
0
Let v(n) = n**2 - 512*n - 19141. Determine v(-35).
4
Let j(s) = -s**2 + 21*s + 9. What is j(18)?
63
Let m(q) = -30*q - 1927. Calculate m(-64).
-7
Let n(t) = -2*t**3 + 36*t**2 - 33*t - 18. Determine n(17).
-1
Let z(l) = -7*l**2 + 17*l - 4. Calculate z(-4).
-184
Let v(u) = -u**3 + 52*u**2 - 482*u + 54. What is v(40)?
-26
Let v(y) = y**3 + 10*y**2 - 3*y - 2. Determine v(-10).
28
Let y(a) = a**3 - 207*a**2 + 4701*a + 130. What is y(26)?
0
Let a(g) = -23*g - 1369. Give a(-60).
11
Let x(m) = -683*m - 6995. Determine x(-10).
-165
Let y(k) = -331*k - 2615. Give y(-8).
33
Let u(c) = 3*c**3 - 32*c**2 + 44*c - 576. What is u(11)?
29
Let k(g) = -2*g**3 + 39*g**2 - 142*g - 10. Determine k(5).
5
Let m(q) = -4*q**2 - 130*q - 849. Determine m(-9).
-3
Let n(h) = -28*h - 1820. Determine n(-60).
-140
Let r(v) = -2*v**3 - 44*v**2 - 105*v + 138. Give r(-19).
-33
Let t(h) = 307*h**2 - 954*h + 9. Give t(3).
-90
Let m(u) = -u**3 + 13*u**2 - 50*u + 313. Calculate m(8